{"version":"1.0","provider_name":"SVH Fu\u00dfball","provider_url":"http:\/\/sv-heimstetten.com\/fussball","author_name":"Gesch\u00e4ftsstelle","author_url":"http:\/\/sv-heimstetten.com\/fussball\/author\/svh-geschftsstelle\/","title":"Jugend: Dariusch Bensinger - Neuer sportlicher Leiter Kleinfeld - SVH Fu\u00dfball","type":"rich","width":600,"height":338,"html":"<blockquote class=\"wp-embedded-content\" data-secret=\"KsXGfBlWSv\"><a href=\"http:\/\/sv-heimstetten.com\/fussball\/jugend-dariusch-bensinger-neuer-sportlicher-leiter-kleinfeld\/\">Jugend: Dariusch Bensinger &#8211; Neuer sportlicher Leiter Kleinfeld<\/a><\/blockquote><iframe sandbox=\"allow-scripts\" security=\"restricted\" src=\"http:\/\/sv-heimstetten.com\/fussball\/jugend-dariusch-bensinger-neuer-sportlicher-leiter-kleinfeld\/embed\/#?secret=KsXGfBlWSv\" width=\"600\" height=\"338\" title=\"&#8222;Jugend: Dariusch Bensinger &#8211; Neuer sportlicher Leiter Kleinfeld&#8220; &#8211; SVH Fu\u00dfball\" data-secret=\"KsXGfBlWSv\" frameborder=\"0\" marginwidth=\"0\" marginheight=\"0\" scrolling=\"no\" class=\"wp-embedded-content\"><\/iframe><script type=\"text\/javascript\">\n\/* <![CDATA[ *\/\n\/*! This file is auto-generated *\/\n!function(d,l){\"use strict\";l.querySelector&&d.addEventListener&&\"undefined\"!=typeof URL&&(d.wp=d.wp||{},d.wp.receiveEmbedMessage||(d.wp.receiveEmbedMessage=function(e){var t=e.data;if((t||t.secret||t.message||t.value)&&!\/[^a-zA-Z0-9]\/.test(t.secret)){for(var s,r,n,a=l.querySelectorAll('iframe[data-secret=\"'+t.secret+'\"]'),o=l.querySelectorAll('blockquote[data-secret=\"'+t.secret+'\"]'),c=new RegExp(\"^https?:$\",\"i\"),i=0;i<o.length;i++)o[i].style.display=\"none\";for(i=0;i<a.length;i++)s=a[i],e.source===s.contentWindow&&(s.removeAttribute(\"style\"),\"height\"===t.message?(1e3<(r=parseInt(t.value,10))?r=1e3:~~r<200&&(r=200),s.height=r):\"link\"===t.message&&(r=new URL(s.getAttribute(\"src\")),n=new URL(t.value),c.test(n.protocol))&&n.host===r.host&&l.activeElement===s&&(d.top.location.href=t.value))}},d.addEventListener(\"message\",d.wp.receiveEmbedMessage,!1),l.addEventListener(\"DOMContentLoaded\",function(){for(var e,t,s=l.querySelectorAll(\"iframe.wp-embedded-content\"),r=0;r<s.length;r++)(t=(e=s[r]).getAttribute(\"data-secret\"))||(t=Math.random().toString(36).substring(2,12),e.src+=\"#?secret=\"+t,e.setAttribute(\"data-secret\",t)),e.contentWindow.postMessage({message:\"ready\",secret:t},\"*\")},!1)))}(window,document);\n\/* ]]> *\/\n<\/script>\n","thumbnail_url":"https:\/\/sv-heimstetten.com\/fussball\/wp-content\/uploads\/sites\/2\/2020\/03\/Bild-Dariusch.jpg","thumbnail_width":768,"thumbnail_height":1024,"description":"Sicherlich habt ihr unser neues Mitglied im JL-Team bereitsgesehen, nun m\u00f6chten wir euch Dariuschauch offiziell vorstellen. Dariusch Bensinger, wird k\u00fcnftig f\u00fcr den SV Heimstetten als Sportlicher Leiter Kleinfeld (U6 bis U13) t\u00e4tig sein. Dariusch ist 26 Jahre alt, von Beruf ausgebildeter Erzieher und studiert derzeit berufsbegleitend Berufsschulp\u00e4dagogik. Seine aktive Laufbahn verbrachte er als Torh\u00fcter bei [&hellip;]"}

SVH Fußball

Geschäftsstelle

Jugend: Dariusch Bensinger - Neuer sportlicher Leiter Kleinfeld - SVH Fußball

<blockquote class="wp-embedded-content" data-secret="KsXGfBlWSv"><a href="http://sv-heimstetten.com/fussball/jugend-dariusch-bensinger-neuer-sportlicher-leiter-kleinfeld/">Jugend: Dariusch Bensinger &#8211; Neuer sportlicher Leiter Kleinfeld</a></blockquote><iframe sandbox="allow-scripts" security="restricted" src="http://sv-heimstetten.com/fussball/jugend-dariusch-bensinger-neuer-sportlicher-leiter-kleinfeld/embed/#?secret=KsXGfBlWSv" width="600" height="338" title="&#8222;Jugend: Dariusch Bensinger &#8211; Neuer sportlicher Leiter Kleinfeld&#8220; &#8211; SVH Fußball" data-secret="KsXGfBlWSv" frameborder="0" marginwidth="0" marginheight="0" scrolling="no" class="wp-embedded-content"></iframe><script type="text/javascript">
/* <![CDATA[ */
/*! This file is auto-generated */
!function(d,l){"use strict";l.querySelector&&d.addEventListener&&"undefined"!=typeof URL&&(d.wp=d.wp||{},d.wp.receiveEmbedMessage||(d.wp.receiveEmbedMessage=function(e){var t=e.data;if((t||t.secret||t.message||t.value)&&!/[^a-zA-Z0-9]/.test(t.secret)){for(var s,r,n,a=l.querySelectorAll('iframe[data-secret="'+t.secret+'"]'),o=l.querySelectorAll('blockquote[data-secret="'+t.secret+'"]'),c=new RegExp("^https?:$","i"),i=0;i<o.length;i++)o[i].style.display="none";for(i=0;i<a.length;i++)s=a[i],e.source===s.contentWindow&&(s.removeAttribute("style"),"height"===t.message?(1e3<(r=parseInt(t.value,10))?r=1e3:~~r<200&&(r=200),s.height=r):"link"===t.message&&(r=new URL(s.getAttribute("src")),n=new URL(t.value),c.test(n.protocol))&&n.host===r.host&&l.activeElement===s&&(d.top.location.href=t.value))}},d.addEventListener("message",d.wp.receiveEmbedMessage,!1),l.addEventListener("DOMContentLoaded",function(){for(var e,t,s=l.querySelectorAll("iframe.wp-embedded-content"),r=0;r<s.length;r++)(t=(e=s[r]).getAttribute("data-secret"))||(t=Math.random().toString(36).substring(2,12),e.src+="#?secret="+t,e.setAttribute("data-secret",t)),e.contentWindow.postMessage({message:"ready",secret:t},"*")},!1)))}(window,document);
/* ]]> */
</script>

Sicherlich habt ihr unser neues Mitglied im JL-Team bereitsgesehen, nun möchten wir euch Dariuschauch offiziell vorstellen. Dariusch Bensinger, wird künftig für den SV Heimstetten als Sportlicher Leiter Kleinfeld (U6 bis U13) tätig sein. Dariusch ist 26 Jahre alt, von Beruf ausgebildeter Erzieher und studiert derzeit berufsbegleitend Berufsschulpädagogik. Seine aktive Laufbahn verbrachte er als Torhüter bei [&hellip;]
