{"version":"1.0","provider_name":"SVH Tennis","provider_url":"http:\/\/sv-heimstetten.com\/tennis","author_name":"feder","author_url":"http:\/\/sv-heimstetten.com\/tennis\/author\/feder\/","title":"Start in die Sommersaison - SVH Tennis","type":"rich","width":600,"height":338,"html":"<blockquote class=\"wp-embedded-content\" data-secret=\"qTaofSpL5z\"><a href=\"http:\/\/sv-heimstetten.com\/tennis\/start-in-die-sommersaison\/\">Start in die Sommersaison<\/a><\/blockquote><iframe sandbox=\"allow-scripts\" security=\"restricted\" src=\"http:\/\/sv-heimstetten.com\/tennis\/start-in-die-sommersaison\/embed\/#?secret=qTaofSpL5z\" width=\"600\" height=\"338\" title=\"&#8222;Start in die Sommersaison&#8220; &#8211; SVH Tennis\" data-secret=\"qTaofSpL5z\" frameborder=\"0\" marginwidth=\"0\" marginheight=\"0\" scrolling=\"no\" class=\"wp-embedded-content\"><\/iframe><script type=\"text\/javascript\">\n\/* <![CDATA[ *\/\n\/*! This file is auto-generated *\/\n!function(d,l){\"use strict\";l.querySelector&&d.addEventListener&&\"undefined\"!=typeof URL&&(d.wp=d.wp||{},d.wp.receiveEmbedMessage||(d.wp.receiveEmbedMessage=function(e){var t=e.data;if((t||t.secret||t.message||t.value)&&!\/[^a-zA-Z0-9]\/.test(t.secret)){for(var s,r,n,a=l.querySelectorAll('iframe[data-secret=\"'+t.secret+'\"]'),o=l.querySelectorAll('blockquote[data-secret=\"'+t.secret+'\"]'),c=new RegExp(\"^https?:$\",\"i\"),i=0;i<o.length;i++)o[i].style.display=\"none\";for(i=0;i<a.length;i++)s=a[i],e.source===s.contentWindow&&(s.removeAttribute(\"style\"),\"height\"===t.message?(1e3<(r=parseInt(t.value,10))?r=1e3:~~r<200&&(r=200),s.height=r):\"link\"===t.message&&(r=new URL(s.getAttribute(\"src\")),n=new URL(t.value),c.test(n.protocol))&&n.host===r.host&&l.activeElement===s&&(d.top.location.href=t.value))}},d.addEventListener(\"message\",d.wp.receiveEmbedMessage,!1),l.addEventListener(\"DOMContentLoaded\",function(){for(var e,t,s=l.querySelectorAll(\"iframe.wp-embedded-content\"),r=0;r<s.length;r++)(t=(e=s[r]).getAttribute(\"data-secret\"))||(t=Math.random().toString(36).substring(2,12),e.src+=\"#?secret=\"+t,e.setAttribute(\"data-secret\",t)),e.contentWindow.postMessage({message:\"ready\",secret:t},\"*\")},!1)))}(window,document);\n\/* ]]> *\/\n<\/script>\n","thumbnail_url":"http:\/\/sv-heimstetten.com\/tennis\/wp-content\/uploads\/sites\/8\/2023\/05\/Saisoneroeffnung-Jug.jpg","thumbnail_width":2048,"thumbnail_height":1125,"description":"Auf die Pl\u00e4tze, fertig, los &#8211; am Wochenende des 22. und 23.4. ist der SV Heimstetten in die Tennis-Sommersaison gestartet.Am Samstag um 10 Uhr trafen sich 25 Bambinis und Jugendliche bei strahlendem Sonnenschein. Von Rundlauf, Kleinfeld bis Doppeltraining war f\u00fcr jede Altersklasse und Spielst\u00e4rke etwas geboten. Anschlie\u00dfend ging es zum gemeinsamen Mittagessen in die Vereinsgastst\u00e4tte [&hellip;]"}

Auf die Plätze, fertig, los &#8211; am Wochenende des 22. und 23.4. ist der SV Heimstetten in die Tennis-Sommersaison gestartet.Am Samstag um 10 Uhr trafen sich 25 Bambinis und Jugendliche bei strahlendem Sonnenschein. Von Rundlauf, Kleinfeld bis Doppeltraining war für jede Altersklasse und Spielstärke etwas geboten. Anschließend ging es zum gemeinsamen Mittagessen in die Vereinsgaststätte [&hellip;]
