{"version":"1.0","provider_name":"SVH Tennis","provider_url":"http:\/\/sv-heimstetten.com\/tennis","author_name":"feder","author_url":"http:\/\/sv-heimstetten.com\/tennis\/author\/feder\/","title":"SVH bei der Landesgartenschau - SVH Tennis","type":"rich","width":600,"height":338,"html":"<blockquote class=\"wp-embedded-content\" data-secret=\"BGqbAOWVPU\"><a href=\"http:\/\/sv-heimstetten.com\/tennis\/svh-bei-der-landesgartenschau\/\">SVH bei der Landesgartenschau<\/a><\/blockquote><iframe sandbox=\"allow-scripts\" security=\"restricted\" src=\"http:\/\/sv-heimstetten.com\/tennis\/svh-bei-der-landesgartenschau\/embed\/#?secret=BGqbAOWVPU\" width=\"600\" height=\"338\" title=\"&#8222;SVH bei der Landesgartenschau&#8220; &#8211; SVH Tennis\" data-secret=\"BGqbAOWVPU\" frameborder=\"0\" marginwidth=\"0\" marginheight=\"0\" scrolling=\"no\" class=\"wp-embedded-content\"><\/iframe><script type=\"text\/javascript\">\n\/* <![CDATA[ *\/\n\/*! This file is auto-generated *\/\n!function(d,l){\"use strict\";l.querySelector&&d.addEventListener&&\"undefined\"!=typeof URL&&(d.wp=d.wp||{},d.wp.receiveEmbedMessage||(d.wp.receiveEmbedMessage=function(e){var t=e.data;if((t||t.secret||t.message||t.value)&&!\/[^a-zA-Z0-9]\/.test(t.secret)){for(var s,r,n,a=l.querySelectorAll('iframe[data-secret=\"'+t.secret+'\"]'),o=l.querySelectorAll('blockquote[data-secret=\"'+t.secret+'\"]'),c=new RegExp(\"^https?:$\",\"i\"),i=0;i<o.length;i++)o[i].style.display=\"none\";for(i=0;i<a.length;i++)s=a[i],e.source===s.contentWindow&&(s.removeAttribute(\"style\"),\"height\"===t.message?(1e3<(r=parseInt(t.value,10))?r=1e3:~~r<200&&(r=200),s.height=r):\"link\"===t.message&&(r=new URL(s.getAttribute(\"src\")),n=new URL(t.value),c.test(n.protocol))&&n.host===r.host&&l.activeElement===s&&(d.top.location.href=t.value))}},d.addEventListener(\"message\",d.wp.receiveEmbedMessage,!1),l.addEventListener(\"DOMContentLoaded\",function(){for(var e,t,s=l.querySelectorAll(\"iframe.wp-embedded-content\"),r=0;r<s.length;r++)(t=(e=s[r]).getAttribute(\"data-secret\"))||(t=Math.random().toString(36).substring(2,12),e.src+=\"#?secret=\"+t,e.setAttribute(\"data-secret\",t)),e.contentWindow.postMessage({message:\"ready\",secret:t},\"*\")},!1)))}(window,document);\n\/* ]]> *\/\n<\/script>\n","description":"In diesem Jahr findet das regionale Highlight der Landesgartenschau in Kirchheim statt. Mit einem eigenen Stand ist auch der SVH Tennis dabei. Am 30.05. flog zwischen bunten Blumenbeeten und zahlreichen Besuchern also auch die gelbe Filzkugel hin und her. Eine Kinderolympiade, verschiedene Schl\u00e4ger &amp; B\u00e4lle und ein Tennisquiz standen f\u00fcr die Besucher unseres Standes bereit. [&hellip;]","thumbnail_url":"https:\/\/sv-heimstetten.com\/tennis\/wp-content\/uploads\/sites\/8\/2024\/06\/IMG-20240530-WA0011-1.jpg"}

In diesem Jahr findet das regionale Highlight der Landesgartenschau in Kirchheim statt. Mit einem eigenen Stand ist auch der SVH Tennis dabei. Am 30.05. flog zwischen bunten Blumenbeeten und zahlreichen Besuchern also auch die gelbe Filzkugel hin und her. Eine Kinderolympiade, verschiedene Schläger &amp; Bälle und ein Tennisquiz standen für die Besucher unseres Standes bereit. [&hellip;]
