{"version":"1.0","provider_name":"SVH Fu\u00dfball","provider_url":"https:\/\/sv-heimstetten.com\/fussball","author_name":"feder","author_url":"https:\/\/sv-heimstetten.com\/fussball\/author\/feder\/","title":"Gro\u00dffeld - SVH Fu\u00dfball","type":"rich","width":600,"height":338,"html":"<blockquote class=\"wp-embedded-content\" data-secret=\"VpaAfzASjZ\"><a href=\"https:\/\/sv-heimstetten.com\/fussball\/jugend\/grossfeld\/\">Gro\u00dffeld<\/a><\/blockquote><iframe sandbox=\"allow-scripts\" security=\"restricted\" src=\"https:\/\/sv-heimstetten.com\/fussball\/jugend\/grossfeld\/embed\/#?secret=VpaAfzASjZ\" width=\"600\" height=\"338\" title=\"&#8222;Gro\u00dffeld&#8220; &#8211; SVH Fu\u00dfball\" data-secret=\"VpaAfzASjZ\" frameborder=\"0\" marginwidth=\"0\" marginheight=\"0\" scrolling=\"no\" class=\"wp-embedded-content\"><\/iframe><script type=\"text\/javascript\">\n\/* <![CDATA[ *\/\n\/*! This file is auto-generated *\/\n!function(d,l){\"use strict\";l.querySelector&&d.addEventListener&&\"undefined\"!=typeof URL&&(d.wp=d.wp||{},d.wp.receiveEmbedMessage||(d.wp.receiveEmbedMessage=function(e){var t=e.data;if((t||t.secret||t.message||t.value)&&!\/[^a-zA-Z0-9]\/.test(t.secret)){for(var s,r,n,a=l.querySelectorAll('iframe[data-secret=\"'+t.secret+'\"]'),o=l.querySelectorAll('blockquote[data-secret=\"'+t.secret+'\"]'),c=new RegExp(\"^https?:$\",\"i\"),i=0;i<o.length;i++)o[i].style.display=\"none\";for(i=0;i<a.length;i++)s=a[i],e.source===s.contentWindow&&(s.removeAttribute(\"style\"),\"height\"===t.message?(1e3<(r=parseInt(t.value,10))?r=1e3:~~r<200&&(r=200),s.height=r):\"link\"===t.message&&(r=new URL(s.getAttribute(\"src\")),n=new URL(t.value),c.test(n.protocol))&&n.host===r.host&&l.activeElement===s&&(d.top.location.href=t.value))}},d.addEventListener(\"message\",d.wp.receiveEmbedMessage,!1),l.addEventListener(\"DOMContentLoaded\",function(){for(var e,t,s=l.querySelectorAll(\"iframe.wp-embedded-content\"),r=0;r<s.length;r++)(t=(e=s[r]).getAttribute(\"data-secret\"))||(t=Math.random().toString(36).substring(2,12),e.src+=\"#?secret=\"+t,e.setAttribute(\"data-secret\",t)),e.contentWindow.postMessage({message:\"ready\",secret:t},\"*\")},!1)))}(window,document);\n\/* ]]> *\/\n<\/script>\n","thumbnail_url":"http:\/\/sv-heimstetten.com\/fussball\/wp-content\/uploads\/sites\/2\/2016\/09\/placeholder-1.jpg","thumbnail_width":640,"thumbnail_height":480,"description":"[vc_row el_class=&#8220;container&#8220;][vc_column][vc_empty_space height=&#8220;30px&#8220;][vc_custom_heading text=&#8220;Junioren &#8211; Gro\u00dffeld&#8220; use_theme_fonts=&#8220;yes&#8220;][vc_column_text]Der SV Heimstetten engagiert sich intensiv sowohl im Junioren-Leistungsbereich als auch im Breitensport mit seinen Entwicklungsteams. Unsere Leistungsteams treten von der U12 bis zur U19 durchgehend in den Verbandsligen an und repr\u00e4sentieren damit unser kontinuierliches Streben nach bestm\u00f6glicher Juniorenausbildung. Neben den Leistungsteams f\u00f6rdern wir auch den Breitensport und bieten [&hellip;]"}

SVH Fußball

Großfeld - SVH Fußball

<blockquote class="wp-embedded-content" data-secret="VpaAfzASjZ"><a href="https://sv-heimstetten.com/fussball/jugend/grossfeld/">Großfeld</a></blockquote><iframe sandbox="allow-scripts" security="restricted" src="https://sv-heimstetten.com/fussball/jugend/grossfeld/embed/#?secret=VpaAfzASjZ" width="600" height="338" title="&#8222;Großfeld&#8220; &#8211; SVH Fußball" data-secret="VpaAfzASjZ" frameborder="0" marginwidth="0" marginheight="0" scrolling="no" class="wp-embedded-content"></iframe><script type="text/javascript">
/* <![CDATA[ */
/*! This file is auto-generated */
!function(d,l){"use strict";l.querySelector&&d.addEventListener&&"undefined"!=typeof URL&&(d.wp=d.wp||{},d.wp.receiveEmbedMessage||(d.wp.receiveEmbedMessage=function(e){var t=e.data;if((t||t.secret||t.message||t.value)&&!/[^a-zA-Z0-9]/.test(t.secret)){for(var s,r,n,a=l.querySelectorAll('iframe[data-secret="'+t.secret+'"]'),o=l.querySelectorAll('blockquote[data-secret="'+t.secret+'"]'),c=new RegExp("^https?:$","i"),i=0;i<o.length;i++)o[i].style.display="none";for(i=0;i<a.length;i++)s=a[i],e.source===s.contentWindow&&(s.removeAttribute("style"),"height"===t.message?(1e3<(r=parseInt(t.value,10))?r=1e3:~~r<200&&(r=200),s.height=r):"link"===t.message&&(r=new URL(s.getAttribute("src")),n=new URL(t.value),c.test(n.protocol))&&n.host===r.host&&l.activeElement===s&&(d.top.location.href=t.value))}},d.addEventListener("message",d.wp.receiveEmbedMessage,!1),l.addEventListener("DOMContentLoaded",function(){for(var e,t,s=l.querySelectorAll("iframe.wp-embedded-content"),r=0;r<s.length;r++)(t=(e=s[r]).getAttribute("data-secret"))||(t=Math.random().toString(36).substring(2,12),e.src+="#?secret="+t,e.setAttribute("data-secret",t)),e.contentWindow.postMessage({message:"ready",secret:t},"*")},!1)))}(window,document);
/* ]]> */
</script>

[vc_row el_class=&#8220;container&#8220;][vc_column][vc_empty_space height=&#8220;30px&#8220;][vc_custom_heading text=&#8220;Junioren &#8211; Großfeld&#8220; use_theme_fonts=&#8220;yes&#8220;][vc_column_text]Der SV Heimstetten engagiert sich intensiv sowohl im Junioren-Leistungsbereich als auch im Breitensport mit seinen Entwicklungsteams. Unsere Leistungsteams treten von der U12 bis zur U19 durchgehend in den Verbandsligen an und repräsentieren damit unser kontinuierliches Streben nach bestmöglicher Juniorenausbildung. Neben den Leistungsteams fördern wir auch den Breitensport und bieten [&hellip;]
