{"version":"1.0","provider_name":"SVH Fu\u00dfball","provider_url":"https:\/\/sv-heimstetten.com\/fussball","author_name":"Gesch\u00e4ftsstelle","author_url":"https:\/\/sv-heimstetten.com\/fussball\/author\/svh-geschftsstelle\/","title":"Personalsorgen und eine weitere Niederlage des SVH - SVH Fu\u00dfball","type":"rich","width":600,"height":338,"html":"<blockquote class=\"wp-embedded-content\" data-secret=\"Xx89Vmj6zY\"><a href=\"https:\/\/sv-heimstetten.com\/fussball\/personalsorgen-und-eine-weitere-niederlage-des-svh\/\">Personalsorgen und eine weitere Niederlage des SVH<\/a><\/blockquote><iframe sandbox=\"allow-scripts\" security=\"restricted\" src=\"https:\/\/sv-heimstetten.com\/fussball\/personalsorgen-und-eine-weitere-niederlage-des-svh\/embed\/#?secret=Xx89Vmj6zY\" width=\"600\" height=\"338\" title=\"&#8222;Personalsorgen und eine weitere Niederlage des SVH&#8220; &#8211; SVH Fu\u00dfball\" data-secret=\"Xx89Vmj6zY\" frameborder=\"0\" marginwidth=\"0\" marginheight=\"0\" scrolling=\"no\" class=\"wp-embedded-content\"><\/iframe><script type=\"text\/javascript\">\n\/* <![CDATA[ *\/\n\/*! This file is auto-generated *\/\n!function(d,l){\"use strict\";l.querySelector&&d.addEventListener&&\"undefined\"!=typeof URL&&(d.wp=d.wp||{},d.wp.receiveEmbedMessage||(d.wp.receiveEmbedMessage=function(e){var t=e.data;if((t||t.secret||t.message||t.value)&&!\/[^a-zA-Z0-9]\/.test(t.secret)){for(var s,r,n,a=l.querySelectorAll('iframe[data-secret=\"'+t.secret+'\"]'),o=l.querySelectorAll('blockquote[data-secret=\"'+t.secret+'\"]'),c=new RegExp(\"^https?:$\",\"i\"),i=0;i<o.length;i++)o[i].style.display=\"none\";for(i=0;i<a.length;i++)s=a[i],e.source===s.contentWindow&&(s.removeAttribute(\"style\"),\"height\"===t.message?(1e3<(r=parseInt(t.value,10))?r=1e3:~~r<200&&(r=200),s.height=r):\"link\"===t.message&&(r=new URL(s.getAttribute(\"src\")),n=new URL(t.value),c.test(n.protocol))&&n.host===r.host&&l.activeElement===s&&(d.top.location.href=t.value))}},d.addEventListener(\"message\",d.wp.receiveEmbedMessage,!1),l.addEventListener(\"DOMContentLoaded\",function(){for(var e,t,s=l.querySelectorAll(\"iframe.wp-embedded-content\"),r=0;r<s.length;r++)(t=(e=s[r]).getAttribute(\"data-secret\"))||(t=Math.random().toString(36).substring(2,12),e.src+=\"#?secret=\"+t,e.setAttribute(\"data-secret\",t)),e.contentWindow.postMessage({message:\"ready\",secret:t},\"*\")},!1)))}(window,document);\n\/* ]]> *\/\n<\/script>\n","thumbnail_url":"http:\/\/sv-heimstetten.com\/fussball\/wp-content\/uploads\/sites\/2\/2024\/10\/IMG_5077.jpeg","thumbnail_width":1024,"thumbnail_height":747,"description":"Diesmal fiel neben den zahlreichen Langzeitverletzten auch der erkrankte Daniel Steimel aus, w\u00e4hrend der ebenfalls angeschlagene Toptorj\u00e4ger Jordi Woudstra zu Beginn nur auf der Bank sa\u00df. \u201eDie Niederlage war verdient\u201c, r\u00e4umt Roman Langer direkt nach dem Abpfiff ein. \u201eIn der zweiten Halbzeit hatte ich nicht das Gef\u00fchl, dass bei uns der hundertprozentige Wille da war [&hellip;]"}

SVH Fußball

Geschäftsstelle

Personalsorgen und eine weitere Niederlage des SVH - SVH Fußball

<blockquote class="wp-embedded-content" data-secret="Xx89Vmj6zY"><a href="https://sv-heimstetten.com/fussball/personalsorgen-und-eine-weitere-niederlage-des-svh/">Personalsorgen und eine weitere Niederlage des SVH</a></blockquote><iframe sandbox="allow-scripts" security="restricted" src="https://sv-heimstetten.com/fussball/personalsorgen-und-eine-weitere-niederlage-des-svh/embed/#?secret=Xx89Vmj6zY" width="600" height="338" title="&#8222;Personalsorgen und eine weitere Niederlage des SVH&#8220; &#8211; SVH Fußball" data-secret="Xx89Vmj6zY" frameborder="0" marginwidth="0" marginheight="0" scrolling="no" class="wp-embedded-content"></iframe><script type="text/javascript">
/* <![CDATA[ */
/*! This file is auto-generated */
!function(d,l){"use strict";l.querySelector&&d.addEventListener&&"undefined"!=typeof URL&&(d.wp=d.wp||{},d.wp.receiveEmbedMessage||(d.wp.receiveEmbedMessage=function(e){var t=e.data;if((t||t.secret||t.message||t.value)&&!/[^a-zA-Z0-9]/.test(t.secret)){for(var s,r,n,a=l.querySelectorAll('iframe[data-secret="'+t.secret+'"]'),o=l.querySelectorAll('blockquote[data-secret="'+t.secret+'"]'),c=new RegExp("^https?:$","i"),i=0;i<o.length;i++)o[i].style.display="none";for(i=0;i<a.length;i++)s=a[i],e.source===s.contentWindow&&(s.removeAttribute("style"),"height"===t.message?(1e3<(r=parseInt(t.value,10))?r=1e3:~~r<200&&(r=200),s.height=r):"link"===t.message&&(r=new URL(s.getAttribute("src")),n=new URL(t.value),c.test(n.protocol))&&n.host===r.host&&l.activeElement===s&&(d.top.location.href=t.value))}},d.addEventListener("message",d.wp.receiveEmbedMessage,!1),l.addEventListener("DOMContentLoaded",function(){for(var e,t,s=l.querySelectorAll("iframe.wp-embedded-content"),r=0;r<s.length;r++)(t=(e=s[r]).getAttribute("data-secret"))||(t=Math.random().toString(36).substring(2,12),e.src+="#?secret="+t,e.setAttribute("data-secret",t)),e.contentWindow.postMessage({message:"ready",secret:t},"*")},!1)))}(window,document);
/* ]]> */
</script>

Diesmal fiel neben den zahlreichen Langzeitverletzten auch der erkrankte Daniel Steimel aus, während der ebenfalls angeschlagene Toptorjäger Jordi Woudstra zu Beginn nur auf der Bank saß. „Die Niederlage war verdient“, räumt Roman Langer direkt nach dem Abpfiff ein. „In der zweiten Halbzeit hatte ich nicht das Gefühl, dass bei uns der hundertprozentige Wille da war [&hellip;]
